{"id":479,"date":"2024-10-18T14:13:54","date_gmt":"2024-10-18T17:13:54","guid":{"rendered":"https:\/\/jornalismounaerp.com.br\/faro\/?page_id=479"},"modified":"2024-11-29T14:50:07","modified_gmt":"2024-11-29T17:50:07","slug":"sobre","status":"publish","type":"page","link":"https:\/\/jornalismounaerp.com.br\/faro\/sobre\/","title":{"rendered":"Sobre"},"content":{"rendered":"\t\t<div data-elementor-type=\"wp-page\" data-elementor-id=\"479\" class=\"elementor elementor-479\" data-elementor-post-type=\"page\">\n\t\t\t\t\t\t<section class=\"elementor-section elementor-top-section elementor-element elementor-element-eddbd0d elementor-section-boxed elementor-section-height-default elementor-section-height-default\" data-id=\"eddbd0d\" data-element_type=\"section\" data-settings=\"{&quot;jet_parallax_layout_list&quot;:[]}\">\n\t\t\t\t\t\t<div class=\"elementor-container elementor-column-gap-default\">\n\t\t\t\t\t<div class=\"elementor-column elementor-col-100 elementor-top-column elementor-element elementor-element-0bac28e\" data-id=\"0bac28e\" data-element_type=\"column\">\n\t\t\t<div class=\"elementor-widget-wrap elementor-element-populated\">\n\t\t\t\t\t\t<div class=\"elementor-element elementor-element-0f964fe elementor-widget elementor-widget-heading\" data-id=\"0f964fe\" data-element_type=\"widget\" data-widget_type=\"heading.default\">\n\t\t\t\t\t<h2 class=\"elementor-heading-title elementor-size-default\">FARO - F\u00e1brica Acad\u00eamica de Reportagens On-line<\/h2>\t\t\t\t<\/div>\n\t\t\t\t<div class=\"elementor-element elementor-element-a4d0e18 elementor-widget elementor-widget-text-editor\" data-id=\"a4d0e18\" data-element_type=\"widget\" data-widget_type=\"text-editor.default\">\n\t\t\t\t\t\t\t\t\t<p>O site <strong>FARO<\/strong> &#8211; F\u00e1brica Acad\u00eamica de Reportagens On-line \u00e9 um canal multiplatarforma de informa\u00e7\u00e3o jornal\u00edstica produzido e veiculado pelo curso de Jornalismo da Unaerp &#8211; Universidade de Ribeir\u00e3o Preto.<\/p><p>Implantado no segundo semestre de 2024, na 4\u00aa Etapa do curso, trata-se de um projeto laboratorial multidisciplinar coordenado pelas disciplinas Produ\u00e7\u00e3o de Conte\u00fado Jornal\u00edstico para M\u00eddias Digitais; Fotografia Mobile; Ferramentas para Produ\u00e7\u00e3o de Conte\u00fados em M\u00eddias Digitais; e V\u00eddeo Mobile.<\/p><p>O <strong>FARO<\/strong> disponibiliza informa\u00e7\u00e3o e an\u00e1lises jornal\u00edsticas on-line em diferentes linguagens e suportes, como reportagens escritas; videojornalismo; fotojornalismo; e infogr\u00e1ficos.O conte\u00fado est\u00e1 distribu\u00eddo nas editorias de Pol\u00edtica; Economia; Sustentabilidade; Diversidade; Cultura; e Esporte. Em cada uma dessas editorias as pautas trazem temas atuais, relevantes e reveladores das preocupa\u00e7\u00f5es, problemas, quest\u00f5es e realiza\u00e7\u00f5es do cidad\u00e3o m\u00e9dio que vive, atua e constr\u00f3i o cotidiano regional ribeir\u00e3o-pretano. S\u00e3o temas universais, mas abordados por essa \u00f3tica regional, apurados junto a fontes, em maioria, locais e regionais, e analisados por especialistas com dom\u00ednio e credibilidade em suas \u00e1reas.<\/p><p>Articulado por meio de um webdesign contempor\u00e2neo, simples, direto e objetivo, o conte\u00fado do FARO pode ser lido em reportagens de an\u00e1lise com hiperlinks que trazem informa\u00e7\u00f5es adicionais e complementares ou visto por meio de fotojornalismo que traduz informa\u00e7\u00e3o em imagem. Tamb\u00e9m pode ser assistido em v\u00eddeorreportagens interessantes, vivas e r\u00e1pidas; ou ser apreendido em infogr\u00e1ficos objetivos e claros.<\/p><p>Ao levar informa\u00e7\u00e3o apurada e comprometida com a verdade dos fatos e acontecimentos, o curso de Jornalismo da Unaerp, por meio da F\u00e1brica de Reportagens On-line (FARO), reafirma a import\u00e2ncia da imprensa, referencia a liberdade de express\u00e3o com responsabilidade e \u00e9tica; e aprofunda ainda mais se compromisso com a forma\u00e7\u00e3o do futuro jornalista.<\/p><p><strong>Os Editores<\/strong><\/p>\t\t\t\t\t\t\t\t<\/div>\n\t\t\t\t\t<\/div>\n\t\t<\/div>\n\t\t\t\t\t<\/div>\n\t\t<\/section>\n\t\t\t\t<\/div>\n\t\t","protected":false},"excerpt":{"rendered":"<p>FARO &#8211; F\u00e1brica Acad\u00eamica de Reportagens On-line O site FARO &#8211; F\u00e1brica Acad\u00eamica de Reportagens On-line \u00e9 um canal multiplatarforma de informa\u00e7\u00e3o jornal\u00edstica produzido e veiculado pelo curso de Jornalismo da Unaerp &#8211; Universidade de Ribeir\u00e3o Preto. Implantado no segundo semestre de 2024, na 4\u00aa Etapa do curso, trata-se de um projeto laboratorial multidisciplinar coordenado [&hellip;]<\/p>\n","protected":false},"author":1,"featured_media":0,"parent":0,"menu_order":0,"comment_status":"closed","ping_status":"closed","template":"elementor_header_footer","meta":{"footnotes":""},"class_list":["post-479","page","type-page","status-publish","hentry"],"yoast_head":"<!-- This site is optimized with the Yoast SEO plugin v27.2 - https:\/\/yoast.com\/product\/yoast-seo-wordpress\/ -->\n<title>Sobre &#8211; FARO<\/title>\n<meta name=\"description\" content=\"F\u00e1brica Acad\u00eamica de Reportagens On-line\" \/>\n<meta name=\"robots\" content=\"index, follow, max-snippet:-1, max-image-preview:large, max-video-preview:-1\" \/>\n<link rel=\"canonical\" href=\"https:\/\/jornalismounaerp.com.br\/faro\/sobre\/\" \/>\n<meta property=\"og:locale\" content=\"pt_BR\" \/>\n<meta property=\"og:type\" content=\"article\" \/>\n<meta property=\"og:title\" content=\"Sobre &#8211; FARO\" \/>\n<meta property=\"og:description\" content=\"F\u00e1brica Acad\u00eamica de Reportagens On-line\" \/>\n<meta property=\"og:url\" content=\"https:\/\/jornalismounaerp.com.br\/faro\/sobre\/\" \/>\n<meta property=\"og:site_name\" content=\"FARO\" \/>\n<meta property=\"article:modified_time\" content=\"2024-11-29T17:50:07+00:00\" \/>\n<meta property=\"og:image\" content=\"https:\/\/jornalismounaerp.com.br\/faro\/wp-content\/uploads\/2024\/10\/farosocial.jpg\" \/>\n\t<meta property=\"og:image:width\" content=\"600\" \/>\n\t<meta property=\"og:image:height\" content=\"400\" \/>\n\t<meta property=\"og:image:type\" content=\"image\/jpeg\" \/>\n<meta name=\"twitter:card\" content=\"summary_large_image\" \/>\n<meta name=\"twitter:label1\" content=\"Est. tempo de leitura\" \/>\n\t<meta name=\"twitter:data1\" content=\"2 minutos\" \/>\n<script type=\"application\/ld+json\" class=\"yoast-schema-graph\">{\"@context\":\"https:\/\/schema.org\",\"@graph\":[{\"@type\":\"WebPage\",\"@id\":\"https:\/\/jornalismounaerp.com.br\/faro\/sobre\/\",\"url\":\"https:\/\/jornalismounaerp.com.br\/faro\/sobre\/\",\"name\":\"Sobre &#8211; FARO\",\"isPartOf\":{\"@id\":\"https:\/\/jornalismounaerp.com.br\/faro\/#website\"},\"datePublished\":\"2024-10-18T17:13:54+00:00\",\"dateModified\":\"2024-11-29T17:50:07+00:00\",\"description\":\"F\u00e1brica Acad\u00eamica de Reportagens On-line\",\"breadcrumb\":{\"@id\":\"https:\/\/jornalismounaerp.com.br\/faro\/sobre\/#breadcrumb\"},\"inLanguage\":\"pt-BR\",\"potentialAction\":[{\"@type\":\"ReadAction\",\"target\":[\"https:\/\/jornalismounaerp.com.br\/faro\/sobre\/\"]}]},{\"@type\":\"BreadcrumbList\",\"@id\":\"https:\/\/jornalismounaerp.com.br\/faro\/sobre\/#breadcrumb\",\"itemListElement\":[{\"@type\":\"ListItem\",\"position\":1,\"name\":\"In\u00edcio\",\"item\":\"https:\/\/jornalismounaerp.com.br\/faro\/\"},{\"@type\":\"ListItem\",\"position\":2,\"name\":\"Sobre\"}]},{\"@type\":\"WebSite\",\"@id\":\"https:\/\/jornalismounaerp.com.br\/faro\/#website\",\"url\":\"https:\/\/jornalismounaerp.com.br\/faro\/\",\"name\":\"FARO\",\"description\":\"F\u00e1brica Acad\u00eamica de Reportagens On-line\",\"publisher\":{\"@id\":\"https:\/\/jornalismounaerp.com.br\/faro\/#organization\"},\"potentialAction\":[{\"@type\":\"SearchAction\",\"target\":{\"@type\":\"EntryPoint\",\"urlTemplate\":\"https:\/\/jornalismounaerp.com.br\/faro\/?s={search_term_string}\"},\"query-input\":{\"@type\":\"PropertyValueSpecification\",\"valueRequired\":true,\"valueName\":\"search_term_string\"}}],\"inLanguage\":\"pt-BR\"},{\"@type\":\"Organization\",\"@id\":\"https:\/\/jornalismounaerp.com.br\/faro\/#organization\",\"name\":\"F\u00e1brica Acad\u00eamica de Reportagens On-line\",\"url\":\"https:\/\/jornalismounaerp.com.br\/faro\/\",\"logo\":{\"@type\":\"ImageObject\",\"inLanguage\":\"pt-BR\",\"@id\":\"https:\/\/jornalismounaerp.com.br\/faro\/#\/schema\/logo\/image\/\",\"url\":\"https:\/\/jornalismounaerp.com.br\/faro\/wp-content\/uploads\/2024\/10\/farosocial.jpg\",\"contentUrl\":\"https:\/\/jornalismounaerp.com.br\/faro\/wp-content\/uploads\/2024\/10\/farosocial.jpg\",\"width\":600,\"height\":400,\"caption\":\"F\u00e1brica Acad\u00eamica de Reportagens On-line\"},\"image\":{\"@id\":\"https:\/\/jornalismounaerp.com.br\/faro\/#\/schema\/logo\/image\/\"}}]}<\/script>\n<!-- \/ Yoast SEO plugin. -->","yoast_head_json":{"title":"Sobre &#8211; FARO","description":"F\u00e1brica Acad\u00eamica de Reportagens On-line","robots":{"index":"index","follow":"follow","max-snippet":"max-snippet:-1","max-image-preview":"max-image-preview:large","max-video-preview":"max-video-preview:-1"},"canonical":"https:\/\/jornalismounaerp.com.br\/faro\/sobre\/","og_locale":"pt_BR","og_type":"article","og_title":"Sobre &#8211; FARO","og_description":"F\u00e1brica Acad\u00eamica de Reportagens On-line","og_url":"https:\/\/jornalismounaerp.com.br\/faro\/sobre\/","og_site_name":"FARO","article_modified_time":"2024-11-29T17:50:07+00:00","og_image":[{"width":600,"height":400,"url":"https:\/\/jornalismounaerp.com.br\/faro\/wp-content\/uploads\/2024\/10\/farosocial.jpg","type":"image\/jpeg"}],"twitter_card":"summary_large_image","twitter_misc":{"Est. tempo de leitura":"2 minutos"},"schema":{"@context":"https:\/\/schema.org","@graph":[{"@type":"WebPage","@id":"https:\/\/jornalismounaerp.com.br\/faro\/sobre\/","url":"https:\/\/jornalismounaerp.com.br\/faro\/sobre\/","name":"Sobre &#8211; FARO","isPartOf":{"@id":"https:\/\/jornalismounaerp.com.br\/faro\/#website"},"datePublished":"2024-10-18T17:13:54+00:00","dateModified":"2024-11-29T17:50:07+00:00","description":"F\u00e1brica Acad\u00eamica de Reportagens On-line","breadcrumb":{"@id":"https:\/\/jornalismounaerp.com.br\/faro\/sobre\/#breadcrumb"},"inLanguage":"pt-BR","potentialAction":[{"@type":"ReadAction","target":["https:\/\/jornalismounaerp.com.br\/faro\/sobre\/"]}]},{"@type":"BreadcrumbList","@id":"https:\/\/jornalismounaerp.com.br\/faro\/sobre\/#breadcrumb","itemListElement":[{"@type":"ListItem","position":1,"name":"In\u00edcio","item":"https:\/\/jornalismounaerp.com.br\/faro\/"},{"@type":"ListItem","position":2,"name":"Sobre"}]},{"@type":"WebSite","@id":"https:\/\/jornalismounaerp.com.br\/faro\/#website","url":"https:\/\/jornalismounaerp.com.br\/faro\/","name":"FARO","description":"F\u00e1brica Acad\u00eamica de Reportagens On-line","publisher":{"@id":"https:\/\/jornalismounaerp.com.br\/faro\/#organization"},"potentialAction":[{"@type":"SearchAction","target":{"@type":"EntryPoint","urlTemplate":"https:\/\/jornalismounaerp.com.br\/faro\/?s={search_term_string}"},"query-input":{"@type":"PropertyValueSpecification","valueRequired":true,"valueName":"search_term_string"}}],"inLanguage":"pt-BR"},{"@type":"Organization","@id":"https:\/\/jornalismounaerp.com.br\/faro\/#organization","name":"F\u00e1brica Acad\u00eamica de Reportagens On-line","url":"https:\/\/jornalismounaerp.com.br\/faro\/","logo":{"@type":"ImageObject","inLanguage":"pt-BR","@id":"https:\/\/jornalismounaerp.com.br\/faro\/#\/schema\/logo\/image\/","url":"https:\/\/jornalismounaerp.com.br\/faro\/wp-content\/uploads\/2024\/10\/farosocial.jpg","contentUrl":"https:\/\/jornalismounaerp.com.br\/faro\/wp-content\/uploads\/2024\/10\/farosocial.jpg","width":600,"height":400,"caption":"F\u00e1brica Acad\u00eamica de Reportagens On-line"},"image":{"@id":"https:\/\/jornalismounaerp.com.br\/faro\/#\/schema\/logo\/image\/"}}]}},"_links":{"self":[{"href":"https:\/\/jornalismounaerp.com.br\/faro\/wp-json\/wp\/v2\/pages\/479","targetHints":{"allow":["GET"]}}],"collection":[{"href":"https:\/\/jornalismounaerp.com.br\/faro\/wp-json\/wp\/v2\/pages"}],"about":[{"href":"https:\/\/jornalismounaerp.com.br\/faro\/wp-json\/wp\/v2\/types\/page"}],"author":[{"embeddable":true,"href":"https:\/\/jornalismounaerp.com.br\/faro\/wp-json\/wp\/v2\/users\/1"}],"replies":[{"embeddable":true,"href":"https:\/\/jornalismounaerp.com.br\/faro\/wp-json\/wp\/v2\/comments?post=479"}],"version-history":[{"count":0,"href":"https:\/\/jornalismounaerp.com.br\/faro\/wp-json\/wp\/v2\/pages\/479\/revisions"}],"wp:attachment":[{"href":"https:\/\/jornalismounaerp.com.br\/faro\/wp-json\/wp\/v2\/media?parent=479"}],"curies":[{"name":"wp","href":"https:\/\/api.w.org\/{rel}","templated":true}]}}